{"id":16350,"date":"2015-10-21T12:54:40","date_gmt":"2015-10-21T10:54:40","guid":{"rendered":"http:\/\/www.amazingbridge.be\/?page_id=16350"},"modified":"2015-12-28T16:26:30","modified_gmt":"2015-12-28T15:26:30","slug":"rikiki-whist-bridge-tous-pareils","status":"publish","type":"page","link":"https:\/\/www.amazingbridge.be\/?page_id=16350","title":{"rendered":"Rikiki, whist, bridge tous pareils?"},"content":{"rendered":"<p>[vc_row][vc_column width=\u00a0\u00bb1\/3&Prime;][vc_single_image image=\u00a0\u00bb16351&Prime; alignment=\u00a0\u00bbcenter\u00a0\u00bb border_color=\u00a0\u00bbgrey\u00a0\u00bb img_link_target=\u00a0\u00bb_self\u00a0\u00bb transition_delay=\u00a0\u00bb0,03&Prime; img_size=\u00a0\u00bblarge\u00a0\u00bb][\/vc_column][vc_column width=\u00a0\u00bb2\/3&Prime;][vc_empty_space height=\u00a0\u00bb32px\u00a0\u00bb][vc_column_text]<\/p>\n<h2 style=\"text-align: center;\"><span style=\"color: #ffffff;\">Bridge, whist et rikiki, tous pareils\u00a0?<\/span><\/h2>\n<p>[\/vc_column_text][vc_empty_space height=\u00a0\u00bb32px\u00a0\u00bb][vc_column_text]<\/p>\n<p><span style=\"color: #ffffff;\">Oui et non. Oui parce que le principe de base est identique. Dans chacun de ces jeux, il s\u2019agit de pr\u00e9voir le nombre de lev\u00e9es que l\u2019on va faire. Par contre, au whist comme au rikiki, le pifom\u00e8tre est nettement plus sollicit\u00e9 que le cerveau. Le g\u00e9nie du bridge est de donner suffisamment d\u2019informations aux joueurs pour qu\u2019ils puissent r\u00e9fl\u00e9chir mais pas assez afin que la diff\u00e9rence puisse toujours se faire entre les joueurs. Bref, si vous aimez le rikiki et\/ou le whist, vous allez adorer le bridge.<\/span><\/p>\n<p>[\/vc_column_text][vc_empty_space height=\u00a0\u00bb32px\u00a0\u00bb][\/vc_column][\/vc_row]<\/p>\n","protected":false},"excerpt":{"rendered":"<p>[vc_row][vc_column width=\u00a0\u00bb1\/3&Prime;][vc_single_image image=\u00a0\u00bb16351&Prime; alignment=\u00a0\u00bbcenter\u00a0\u00bb border_color=\u00a0\u00bbgrey\u00a0\u00bb img_link_target=\u00a0\u00bb_self\u00a0\u00bb transition_delay=\u00a0\u00bb0,03&Prime; img_size=\u00a0\u00bblarge\u00a0\u00bb][\/vc_column][vc_column width=\u00a0\u00bb2\/3&Prime;][vc_empty_space height=\u00a0\u00bb32px\u00a0\u00bb][vc_column_text] Bridge, whist et rikiki, tous pareils\u00a0? [\/vc_column_text][vc_empty_space height=\u00a0\u00bb32px\u00a0\u00bb][vc_column_text] Oui et non. Oui parce que le principe de base est identique. Dans chacun de ces jeux, il s\u2019agit de pr\u00e9voir le nombre de lev\u00e9es que l\u2019on&#8230;<\/p>\n","protected":false},"author":3,"featured_media":0,"parent":0,"menu_order":0,"comment_status":"closed","ping_status":"closed","template":"","meta":[],"_links":{"self":[{"href":"https:\/\/www.amazingbridge.be\/index.php?rest_route=\/wp\/v2\/pages\/16350"}],"collection":[{"href":"https:\/\/www.amazingbridge.be\/index.php?rest_route=\/wp\/v2\/pages"}],"about":[{"href":"https:\/\/www.amazingbridge.be\/index.php?rest_route=\/wp\/v2\/types\/page"}],"author":[{"embeddable":true,"href":"https:\/\/www.amazingbridge.be\/index.php?rest_route=\/wp\/v2\/users\/3"}],"replies":[{"embeddable":true,"href":"https:\/\/www.amazingbridge.be\/index.php?rest_route=%2Fwp%2Fv2%2Fcomments&post=16350"}],"version-history":[{"count":1,"href":"https:\/\/www.amazingbridge.be\/index.php?rest_route=\/wp\/v2\/pages\/16350\/revisions"}],"predecessor-version":[{"id":16353,"href":"https:\/\/www.amazingbridge.be\/index.php?rest_route=\/wp\/v2\/pages\/16350\/revisions\/16353"}],"wp:attachment":[{"href":"https:\/\/www.amazingbridge.be\/index.php?rest_route=%2Fwp%2Fv2%2Fmedia&parent=16350"}],"curies":[{"name":"wp","href":"https:\/\/api.w.org\/{rel}","templated":true}]}}